{"id":21707,"date":"2021-09-03T11:40:28","date_gmt":"2021-09-03T09:40:28","guid":{"rendered":"https:\/\/www.danea.it\/blog\/?page_id=21707"},"modified":"2023-03-20T13:29:27","modified_gmt":"2023-03-20T12:29:27","slug":"convocazione-assemblea-condominiale","status":"publish","type":"page","link":"https:\/\/www.danea.it\/blog\/convocazione-assemblea-condominiale\/","title":{"rendered":"Convocazione dell\u2019assemblea condominiale"},"content":{"rendered":"<p>L\u2019assemblea condominiale rappresenta il luogo di incontro (e di scontro) fra le volont\u00e0 dei singoli condomini; le regole democratiche poste alla base del suo funzionamento danno origine a delle scelte a cui l\u2019amministratore dovr\u00e0 poi dare attuazione (lavori, impieghi di spesa, regolamentazione delle parti comuni\u2026).<\/p>\n\n<h3>Chi deve convocare l\u2019assemblea di condominio: con o senza amministratore<\/h3>\n<a class=\"cta-container\" data-click-cta=\"ds-02\" href=\"\/software\/domustudio\/assemblee-condominiali-online\/\"><div style=\"background-color: #df4437; color: #fff; margin: 1em 0;\">\n  <div class=\"row\" style=\"padding: 1em;\">\n    <div class=\"col-md-6\">\n      <img decoding=\"async\" class=\"img-fluid\" src=\"\/blog\/wp-content\/uploads\/img-banner-blog-aic.png\" alt=\"Assemblea in Cloud - assemblea condominiale online\" style=\"padding-top: 1em\">\n    <\/div>\n    <div class=\"col-md-6\" style=\"padding-right: 0.8em; padding-left: 0.5em;\">\n      <img decoding=\"async\" class=\"img-fluid\" width=\"140\" src=\"\/blog\/wp-content\/uploads\/Logo-DS-White.png\" alt=\"domustudio\"  style=\"margin-top: 5px\">\n      <br>\n      <p><span style=\"font-size: 17px\">\n        Assemblea condominiale online?<\/span>\n      <br>\n       <span style=\"font-size: 15px\">\n       Assemblea in Cloud \u00e8 l'infrastruttura integrata a Domustudio per la gestione delle assemblee online.<\/span>\n      <\/p>\n      <div>\n        <span class=\"btn btn-banner-green\">\n           SCOPRI DI PI\u00d9 <i class=\"fa-solid fa-arrow-right\"><\/i>\n        <\/span>\n      <\/div>\n    <\/div>\n  <\/div>\n<\/div>\n<\/a>\n<p>Per rispondere a questa domanda occorre distinguere <strong>due casi diversi<\/strong> e ricordarsi di alcune eccezioni.<\/p>\n<p><strong>Se non c\u2019\u00e8 un amministratore<\/strong>, l\u2019assemblea pu\u00f2 essere convocata da ogni singolo condomino (nel rispetto delle regole \/ modalit\u00e0 previste dal codice civile); nel caso in cui la convocazione venga trasmessa da un soggetto non legittimato (ad esempio, il consulente di uno dei condomini) le delibere assunte sono annullabili e non nulle.<\/p>\n<p><strong>In presenza dell\u2019amministratore<\/strong>, \u00e8 quest\u2019ultimo che deve procedere con la convocazione dell\u2019assemblea nei termini di legge; bene precisare che il professionista non \u00e8 figura necessaria allo svolgimento dell\u2019assemblea la quale, in astratto, potrebbe tenersi anche in sua assenza.<\/p>\n<p>Esaminate le due casistiche pi\u00f9 comuni, ricordo come il codice civile preveda <strong>varie eccezioni<\/strong>; ne \u00e8 un esempio l\u2019articolo 66 comma 1 disp. att.ve. c.c. il quale dispone che, a fronte della richiesta di almeno due condomini che rappresentino un sesto dei millesimi, l\u2019amministratore sia obbligato a procedere con la convocazione dell\u2019assemblea <strong>entro dieci giorni<\/strong> dalla richiesta. Alcune riflessioni relative all\u2019utilizzo di tale norma:<\/p>\n<ul>\n<li><strong>in mancanza di convocazione<\/strong> da parte dell\u2019amministratore, i richiedenti potranno provvedere direttamente (ovviamente, dovranno aver preventivamente ottenuto copia dell\u2019anagrafe condominiale);<\/li>\n<li>a mio parere (non ho ancora rinvenuto sentenze sul punto), se la convocazione viene inviata entro dieci giorni, ma la data dell\u2019<strong>assemblea viene fissata<\/strong> <strong>dopo due \/ tre mesi<\/strong>, l\u2019amministratore non ha adempiuto al proprio dovere e i condomini si possono autoconvocare;<\/li>\n<li>le <strong>spese di convocazione<\/strong> non possono essere addebitate ai soli richiedenti.<\/li>\n<\/ul>\n<h3>Modalit\u00e0 di convocazione<\/h3>\n<p>Le modalit\u00e0 di convocazione dell\u2019assemblea sono quelle indicate dall\u2019art. 66 comma 3 disp. att.ve c.c.:<\/p>\n<ul>\n<li><strong>lettera raccomandata,<\/strong><\/li>\n<li><strong>posta elettronica certificata (PEC),<\/strong><\/li>\n<li><strong>fax,<\/strong><\/li>\n<li><strong>consegna a mano.<\/strong><\/li>\n<\/ul>\n<p>Se devo considerare la comodit\u00e0, la scalabilit\u00e0 e la possibilit\u00e0 di provare in modo certo la ricezione di quanto inviato, le uniche modalit\u00e0 da prendere in considerazione sono le prime due (raccomandata e pec).<\/p>\n<p>Lo dico in modo chiaro: <strong>la convocazione via e-mail non \u00e8 valida<\/strong>. Conosco (per aver difeso il condominio) la sentenza della Corte d\u2019Appello di Brescia n. 4\/2019, ma in quel caso l\u2019elemento determinante \u00e8 stata la mancata contestazione (da parte del condomino) dell\u2019email prodotta in giudizio.<\/p>\n<p><strong>Ho detto che la convocazione via e-mail non \u00e8 valida<\/strong> (neppure se ve la autorizzano o se vi rispondono per conferma), <strong>ma ci\u00f2 non vuol dire che una convocazione trasmessa con tale modalit\u00e0 dia origine a problemi irreparabili<\/strong>:<\/p>\n<ul>\n<li>il condomino che si presenta in assemblea ed accetta di discutere gli argomenti all\u2019ordine del giorno sana l\u2019eventuale non-conformit\u00e0 della convocazione;<\/li>\n<li>i vizi relativi alla convocazione sono comunque vizi di annullabilit\u00e0 e vengono sanati ove la delibera non venga impugnata nei trenta giorni di cui all\u2019art. 1137 c.c..<\/li>\n<\/ul>\n<p>\u00c8 prassi che in calce all&#8217;avviso di convocazione venga inviato il <strong>documento di<\/strong> <strong>delega gi\u00e0 preimpostato dall&#8217;amministratore, <\/strong>che il condomino, qualora non possa (o non voglia) presenziare all&#8217;assemblea, pu\u00f2 compilare con i propri dati e con quelli del delegato (nome, cognome e firma).<\/p>\n<blockquote><p>Leggi la guida alla <a href=\"\/blog\/delega-assemblea-condominiale\/\">delega assemblea condominiale<\/a><\/p><\/blockquote>\n<h3>Termini di convocazione dell\u2019assemblea condominiale. Quanti giorni prima?<\/h3>\n<p>I termini entro cui convocare l\u2019assemblea sono quelli indicati dall\u2019art. 66 comma 3 disp. att.ve ossia almeno <strong>cinque giorni prima della data fissata<\/strong> per la prima convocazione; ricordiamoci per\u00f2 quanto segue:<\/p>\n<ul>\n<li>l\u2019assemblea in seconda convocazione non pu\u00f2 tenersi nel medesimo giorno solare della prima;<\/li>\n<li>nel caso di raccomandata, la convocazione si considera avvenuta nel momento in cui l\u2019avviso di ricezione venga inserito nella cassetta postale del destinatario.<\/li>\n<\/ul>\n<p>Caliamo nel concreto il conteggio dei termini ipotizzando le seguenti date: assemblea in prima convocazione 20 maggio e assemblea in seconda convocazione 21 maggio:<\/p>\n<ol>\n<li>raccomandata ricevuta il 15 maggio: convocazione tempestiva;<\/li>\n<li>raccomandata ricevuta il 16 maggio: convocazione tardiva.<\/li>\n<\/ol>\n<p>Chiaramente, come ben sanno gli amministratori, \u00e8 sconsigliabile procedere con le spedizioni in prossimit\u00e0 della scadenza.<\/p>\n<blockquote><p>Leggi anche: <a href=\"https:\/\/www.danea.it\/blog\/convocazione-assemblea-condominio-responsabilita-amministratore-presidente\/\">Convocazione dell\u2019assemblea condominiale: le responsabilit\u00e0 di amministratore e presidente<\/a><\/p><\/blockquote>\n<h3>Assemblea ordinaria e assemblea straordinaria<\/h3>\n<p>Personalmente ritengo che l\u2019assemblea ordinaria sia quella con cui viene posta all\u2019ordine del giorno l\u2019approvazione del rendiconto consuntivo e del preventivo; tutte le altre riunioni devono essere considerate quali assemblee straordinarie.<\/p>\n<p>\u00c8 importante ricordare che tale \u201cnomenclatura\u201d (ordinaria \/ straordinaria) non influisce in alcun modo sulla validit\u00e0 \/ invalidit\u00e0 delle delibere; se l\u2019amministratore dovesse definire un\u2019assemblea straordinaria mentre in realt\u00e0 si tratta di un\u2019assemblea ordinaria (o viceversa), tale \u201cerrore\u201d non comporta conseguenze.<\/p>\n<h3>Ordine del giorno dell\u2019assemblea condominiale<\/h3>\n<a class=\"cta-container\" data-click-cta=\"ds-02\" href=\"\/software\/domustudio\/assemblee-condominiali-online\/\"><div style=\"background-color: #df4437; color: #fff; margin: 1em 0;\">\n  <div class=\"row\" style=\"padding: 1em;\">\n    <div class=\"col-md-6\">\n      <img decoding=\"async\" class=\"img-fluid\" src=\"\/blog\/wp-content\/uploads\/img-banner-blog-aic.png\" alt=\"Assemblea in Cloud - assemblea condominiale online\" style=\"padding-top: 1em\">\n    <\/div>\n    <div class=\"col-md-6\" style=\"padding-right: 0.8em; padding-left: 0.5em;\">\n      <img decoding=\"async\" class=\"img-fluid\" width=\"140\" src=\"\/blog\/wp-content\/uploads\/Logo-DS-White.png\" alt=\"domustudio\"  style=\"margin-top: 5px\">\n      <br>\n      <p><span style=\"font-size: 17px\">\n        Assemblea condominiale online?<\/span>\n      <br>\n       <span style=\"font-size: 15px\">\n       Assemblea in Cloud \u00e8 l'infrastruttura integrata a Domustudio per la gestione delle assemblee online.<\/span>\n      <\/p>\n      <div>\n        <span class=\"btn btn-banner-green\">\n           SCOPRI DI PI\u00d9 <i class=\"fa-solid fa-arrow-right\"><\/i>\n        <\/span>\n      <\/div>\n    <\/div>\n  <\/div>\n<\/div>\n<\/a>\n<p>Affinch\u00e9 la delibera di un\u2019assemblea sia valida \u00e8 necessario che l\u2019avviso di convocazione elenchi gli argomenti da trattare attraverso un Ordine del Giorno, anche se in modo non minuzioso; l\u2019importante \u00e8 permettere ai condomini di comprendere i termini essenziali di quanto sono chiamati a decidere.<\/p>\n<p><strong>L\u2019amministratore non \u00e8 obbligato ad allegare all&#8217;avviso di convocazione i documenti giustificativi o i bilanci da approvare<\/strong>, non venendo affatto pregiudicato il diritto alla preventiva informazione sui temi in discussione, fermo restando che ad ognuno dei condomini \u00e8 riconosciuta la facolt\u00e0 di richiedere, anticipatamente e senza interferire sull&#8217;attivit\u00e0 condominiale, le copie dei documenti oggetto di (eventuale) approvazione.<\/p>\n<p>Quelli che avete appena letto sono due principi di diritto ricorrenti nei testi delle sentenze; bisogna sempre ricordare che, affermato il principio, \u00e8 il singolo giudice chiamato a dover valutare se \u2013 nel caso sottoposto al suo esame \u2013 la norma sia stata rispettata. E\u2019 quindi opportuno che l\u2019amministratore compia tutto quanto (ragionevolmente) possibile per poter offrire ai condomini una partecipazione consapevole all\u2019assemblea; tale affermazione si deve concretizzare in due attenzioni:<\/p>\n<ol>\n<li>elaborare dei <strong>punti all\u2019ordine del giorno sintetici<\/strong>, ma dai quali si comprenda quale sia il tipo di scelta da adottare (ad esempio: regolamentazione di una parte comune o approvazione e ripartizione di una spesa);<\/li>\n<li><strong>allegare i documenti esplicativi<\/strong> e rendersi disponibili ad ogni integrazione e\/o chiarimento.<\/li>\n<\/ol>\n<p>&nbsp;<\/p>\n<div class=\"menu-assemblea-condominio-container\"><ol id=\"short_menu_69feca4424f18\" class=\"shortcode_menu  wpsm-menu wpsm-vertical menu_enhance  ramo_custom_menu\"><li id=\"menu-item-21733\" class=\"menu-item menu-item-type-custom menu-item-object-custom menu-item-21733\"><div class=\"custom_menu_index\">1<\/div><a href=\"\/blog\/convocazione-assemblea-condominiale\/\">Convocazione dell&#8217;assemblea condominiale<\/a><\/li>\n<li id=\"menu-item-21747\" class=\"menu-item menu-item-type-custom menu-item-object-custom menu-item-21747\"><div class=\"custom_menu_index\">2<\/div><a href=\"\/blog\/convocazione-assemblea-condominiale\/#Chi_deve_convocare_lassemblea_di_condominio_con_o_senza_amministratore\">&#8211; Chi convoca l&#8217;assemblea<\/a><\/li>\n<li id=\"menu-item-21748\" class=\"menu-item menu-item-type-custom menu-item-object-custom menu-item-21748\"><div class=\"custom_menu_index\">3<\/div><a href=\"\/blog\/convocazione-assemblea-condominiale\/#Modalita_di_convocazione\">&#8211; Modalit\u00e0 di convocazione<\/a><\/li>\n<li id=\"menu-item-21749\" class=\"menu-item menu-item-type-custom menu-item-object-custom menu-item-21749\"><div class=\"custom_menu_index\">4<\/div><a href=\"\/blog\/convocazione-assemblea-condominiale\/#Termini_di_convocazione_dellassemblea_condominiale_Quanti_giorni_prima\">&#8211; Termini di convocazione<\/a><\/li>\n<li id=\"menu-item-21750\" class=\"menu-item menu-item-type-custom menu-item-object-custom menu-item-21750\"><div class=\"custom_menu_index\">5<\/div><a href=\"\/blog\/convocazione-assemblea-condominiale\/#Assemblea_ordinaria_e_assemblea_straordinaria\">&#8211; Assemblea ordinaria e straordinaria<\/a><\/li>\n<li id=\"menu-item-21751\" class=\"menu-item menu-item-type-custom menu-item-object-custom menu-item-21751\"><div class=\"custom_menu_index\">6<\/div><a href=\"\/blog\/convocazione-assemblea-condominiale\/#Ordine_del_giorno_dellassemblea_condominiale\">&#8211; Ordine del giorno<\/a><\/li>\n<li id=\"menu-item-21734\" class=\"menu-item menu-item-type-custom menu-item-object-custom menu-item-21734\"><div class=\"custom_menu_index\">7<\/div><a href=\"\/blog\/votazione-verbalizzazione-assemblea-condominiale\/\">Votazioni e verbale dell&#8217;assemblea condominiale<\/a><\/li>\n<li id=\"menu-item-21757\" class=\"menu-item menu-item-type-custom menu-item-object-custom menu-item-21757\"><div class=\"custom_menu_index\">8<\/div><a href=\"\/blog\/votazione-verbalizzazione-assemblea-condominiale\/#Valore_di_prova_del_verbale\">&#8211; Valore di prova del verbale<\/a><\/li>\n<li id=\"menu-item-21758\" class=\"menu-item menu-item-type-custom menu-item-object-custom menu-item-21758\"><div class=\"custom_menu_index\">9<\/div><a href=\"\/blog\/votazione-verbalizzazione-assemblea-condominiale\/#Presidente_e_segretario_della_riunione_di_condominio\">&#8211; Presidente e segretario della riunione<\/a><\/li>\n<li id=\"menu-item-21759\" class=\"menu-item menu-item-type-custom menu-item-object-custom menu-item-21759\"><div class=\"custom_menu_index\">10<\/div><a href=\"\/blog\/votazione-verbalizzazione-assemblea-condominiale\/#Il_caso_dellassemblea_telematica\">&#8211; L\u2019assemblea telematica<\/a><\/li>\n<li id=\"menu-item-21760\" class=\"menu-item menu-item-type-custom menu-item-object-custom menu-item-21760\"><div class=\"custom_menu_index\">11<\/div><a href=\"\/blog\/votazione-verbalizzazione-assemblea-condominiale\/#Appello_dei_presenti_deleghe_e_numero_legale\">&#8211; Appello dei presenti<\/a><\/li>\n<li id=\"menu-item-21761\" class=\"menu-item menu-item-type-custom menu-item-object-custom menu-item-21761\"><div class=\"custom_menu_index\">12<\/div><a href=\"\/blog\/votazione-verbalizzazione-assemblea-condominiale\/#Votazione_dei_punti_posti_allordine_del_giorno\">&#8211; Votazione dell&#8217;ordine del giorno<\/a><\/li>\n<li id=\"menu-item-21762\" class=\"menu-item menu-item-type-custom menu-item-object-custom menu-item-21762\"><div class=\"custom_menu_index\">13<\/div><a href=\"\/blog\/votazione-verbalizzazione-assemblea-condominiale\/#Esempio_di_delibera\">&#8211; Esempio di delibera<\/a><\/li>\n<li id=\"menu-item-21735\" class=\"menu-item menu-item-type-custom menu-item-object-custom menu-item-21735\"><div class=\"custom_menu_index\">14<\/div><a href=\"\/blog\/impugnazione-assemblea-condominiale\/\">Impugnazione dell&#8217;assemblea: termini e casi di nullit\u00e0<\/a><\/li>\n<li id=\"menu-item-21765\" class=\"menu-item menu-item-type-custom menu-item-object-custom menu-item-21765\"><div class=\"custom_menu_index\">15<\/div><a href=\"\/blog\/impugnazione-assemblea-condominiale\/#Annullabilita_e_nullita_di_una_delibera\">&#8211; Annullabilit\u00e0 e nullit\u00e0 di una delibera<\/a><\/li>\n<li id=\"menu-item-21766\" class=\"menu-item menu-item-type-custom menu-item-object-custom menu-item-21766\"><div class=\"custom_menu_index\">16<\/div><a href=\"\/blog\/impugnazione-assemblea-condominiale\/#Annullabilita_e_nullita_di_una_delibera\/#Due_esempi_di_delibere_annullabili\">&#8211; Esempi di delibere annullabili<\/a><\/li>\n<li id=\"menu-item-21767\" class=\"menu-item menu-item-type-custom menu-item-object-custom menu-item-21767\"><div class=\"custom_menu_index\">17<\/div><a href=\"\/blog\/impugnazione-assemblea-condominiale\/#Annullabilita_e_nullita_di_una_delibera\/#Due_esempi_di_delibere_annullabili\/#Come_impugnare_la_delibera_dell8217assemblea_condominiale_basta_la_raccomandata\">&#8211; Impugnare la delibera dell\u2019assemblea<\/a><\/li>\n<li id=\"menu-item-21768\" class=\"menu-item menu-item-type-custom menu-item-object-custom menu-item-21768\"><div class=\"custom_menu_index\">18<\/div><a href=\"\/blog\/impugnazione-assemblea-condominiale\/#Annullabilita_e_nullita_di_una_delibera\/#Due_esempi_di_delibere_annullabili\/#La_procedura_di_mediazione\">&#8211; La procedura di mediazione<\/a><\/li>\n<\/ol><\/div><div class=\"clear\"><\/div>\n\t\t\t<style>\n\t\t\t\t#short_menu_69feca4424f18 {  }\n\t\t\t\t#short_menu_69feca4424f18 ul.wpsm-arrow-enabled:before {  } \n\t\t\t\t#short_menu_69feca4424f18 ul, #short_menu_69feca4424f18 ul ul {  }\n\t\t\t\t#short_menu_69feca4424f18 a {  }\n\t\t\t\t#short_menu_69feca4424f18 a:hover {  }\n\t\t\t\t#short_menu_69feca4424f18 ul a {  }\n\t\t\t\t#short_menu_69feca4424f18 ul a:hover {  }\n\t\t\t\t\n\t\t\t<\/style>\n\t\t\t<script type=\"text\/javascript\">\n\t\t\t\tvar show_arrow = \"true\";<\/script>\n<div class=\"post-tags2\"><\/div>\n","protected":false},"excerpt":{"rendered":"<p>L\u2019assemblea condominiale rappresenta il luogo di incontro (e di scontro) fra le volont\u00e0 dei singoli condomini; le regole democratiche poste alla base del suo funzionamento danno origine a delle scelte a cui l\u2019amministratore dovr\u00e0 poi dare attuazione (lavori, impieghi di spesa, regolamentazione delle parti comuni\u2026). Chi deve convocare l\u2019assemblea di condominio: con o senza amministratore<\/p>\n","protected":false},"author":31,"featured_media":21718,"parent":0,"menu_order":0,"comment_status":"closed","ping_status":"closed","template":"page-templates\/guide-danea-page.php","meta":{"yasr_overall_rating":0,"yasr_post_is_review":"","yasr_auto_insert_disabled":"","yasr_review_type":"","footnotes":""},"class_list":["post-21707","page","type-page","status-publish","has-post-thumbnail","hentry"],"yasr_visitor_votes":{"stars_attributes":{"read_only":false,"span_bottom":false},"number_of_votes":50,"sum_votes":200},"wps_subtitle":"Come si convoca l'assemblea condominiale? La guida completa con termini, modalit\u00e0 e casistiche","_links":{"self":[{"href":"https:\/\/www.danea.it\/blog\/wp-json\/wp\/v2\/pages\/21707","targetHints":{"allow":["GET"]}}],"collection":[{"href":"https:\/\/www.danea.it\/blog\/wp-json\/wp\/v2\/pages"}],"about":[{"href":"https:\/\/www.danea.it\/blog\/wp-json\/wp\/v2\/types\/page"}],"author":[{"embeddable":true,"href":"https:\/\/www.danea.it\/blog\/wp-json\/wp\/v2\/users\/31"}],"replies":[{"embeddable":true,"href":"https:\/\/www.danea.it\/blog\/wp-json\/wp\/v2\/comments?post=21707"}],"version-history":[{"count":18,"href":"https:\/\/www.danea.it\/blog\/wp-json\/wp\/v2\/pages\/21707\/revisions"}],"predecessor-version":[{"id":26396,"href":"https:\/\/www.danea.it\/blog\/wp-json\/wp\/v2\/pages\/21707\/revisions\/26396"}],"wp:featuredmedia":[{"embeddable":true,"href":"https:\/\/www.danea.it\/blog\/wp-json\/wp\/v2\/media\/21718"}],"wp:attachment":[{"href":"https:\/\/www.danea.it\/blog\/wp-json\/wp\/v2\/media?parent=21707"}],"curies":[{"name":"wp","href":"https:\/\/api.w.org\/{rel}","templated":true}]}}