{"id":8343,"date":"2016-05-02T16:57:34","date_gmt":"2016-05-02T14:57:34","guid":{"rendered":"https:\/\/www.danea.it\/blog\/?page_id=8343"},"modified":"2024-04-24T17:47:26","modified_gmt":"2024-04-24T15:47:26","slug":"registro-dei-corrispettivi","status":"publish","type":"page","link":"https:\/\/www.danea.it\/blog\/registro-dei-corrispettivi\/","title":{"rendered":"Registro dei corrispettivi IVA: cos&#8217;\u00e8 e come si compila"},"content":{"rendered":"<p>Il registro dei corrispettivi \u00e8 uno dei documenti che<strong> chi esercita attivit\u00e0 commerciali e assimilate<\/strong> \u00e8 tenuto a predisporre e compilare, anche ai fini della corretta detrazione dell\u2019IVA.<\/p>\n<p>Sebbene l\u2019introduzione dello <a href=\"\/blog\/scontrino-elettronico\/\">scontrino elettronico<\/a>, ossia la memorizzazione e trasmissione telematica dei dati dei corrispettivi giornalieri, abbia di fatto sostituito l\u2019obbligo di tenuta del registro dei corrispettivi, \u00e8 ancora oggi <strong>consigliabile procedere<\/strong> con l\u2019annotazione dei corrispettivi giornalieri in un apposito registro, elettronico o cartaceo.<\/p>\n<p>Questa operazione \u00e8 suggerita sia ai fini della <strong>corretta determinazione dell&#8217;imposta IVA a credito e a debito<\/strong>, sia per far fronte ad eventuali guasti e malfunzionamenti del registratore di cassa telematico.<\/p>\n<p>Le regole da conoscere per capire <strong>come compilare il registro dei corrispettivi<\/strong> sono contenute nell\u2019articolo 24 del DPR IVA n. 633\/1972. Soffermiamoci quindi sulle istruzioni operative.<\/p>\n<h3>Cos\u2019\u00e8 il registro dei corrispettivi: i soggetti obbligati alla tenuta<\/h3>\n<a class=\"cta-container\" data-click-cta=\"ef-01\" href=\"\/software\/easyfatt\/\"><div style=\"background-color:#3bb1cd; color: #fff; margin: 1em 0;\">\n  <div class=\"row\" style=\"padding: 1em;\">\n    <div class=\"col-md-5\">\n<img decoding=\"async\" class=\"img-fluid\" src=\"\/blog\/wp-content\/uploads\/img-banner-blog-EF-pc.png\" alt=\"Easyfatt software fatturazione elettronica e gestionale\">\n    <\/div>\n    <div class=\"col-md-7\">\n     <img decoding=\"async\" class=\"img-fluid\" width=\"100\" src=\"\/blog\/wp-content\/uploads\/Logo-EF-White.png\" alt=\"easyfatt\" style=\"margin-top: 5px; margin-bottom: 5px\">\n      <br>\n      <p><span style=\"font-size: 17px\">\n       Oltre 100.000 Imprese e Professionisti semplificano la loro fatturazione con Easyfatt ogni giorno.<\/span>\n      <\/p>\n      <div>\n        <span class=\"btn btn-banner-green\">\n          PROVALO GRATIS ORA <i class=\"fa-solid fa-arrow-right\"><\/i>\n        <\/span>\n      <\/div>\n    <\/div>\n  <\/div>\n<\/div>\n<\/a>\n<p>Il registro dei corrispettivi rientra tra i <a href=\"\/blog\/registri-iva\/\">registri IVA<\/a>, dunque tra i <strong>libri contabili<\/strong> che consentono di tenere traccia delle operazioni rilevanti ai fini IVA, anche ai fini della corretta determinazione della detrazione spettante in sede di liquidazione periodica.<\/p>\n<p>Volendo semplificare, il registro dei corrispettivi \u00e8 il documento all\u2019interno del quale si devono indicare le <strong>operazioni giornaliere effettuate<\/strong>, secondo le istruzioni e le regole operative che analizzeremo di seguito.<\/p>\n<p>Dovrai annotare le operazioni giornaliere nel registro dei corrispettivi se rientri tra i <strong>commercianti al minuto<\/strong> e tra gli altri soggetti individuati dall<strong>\u2019articolo 22 del DPR IVA<\/strong>, non obbligati all\u2019emissione della fattura se non richiesta dal cliente al momento dell\u2019effettuazione dell\u2019operazione.<\/p>\n<p>La registrazione dei corrispettivi \u00e8 quindi <strong>alternativa alla tenuta del <a href=\"\/blog\/registro-fatture-emesse\/\">registro delle fatture<\/a><\/strong>, ma le finalit\u00e0 dei due adempimenti sono sostanzialmente le stesse.<\/p>\n<p>Dai dati riportati nel registro dei corrispettivi potrai infatti determinare l\u2019imposta a debito e a credito relativamente al mese o trimestre di riferimento.<\/p>\n<p>La funzione primaria della registrazione dei corrispettivi \u00e8 quindi quella di consentire la corretta<strong> <a href=\"\/blog\/liquidazione-iva-cosa-come-quando\/\">liquidazione IVA<\/a><\/strong> che dovr\u00e0 avvenire a cadenza mensile o trimestrale sulla base della tipologia di attivit\u00e0 svolta e del tuo volume d\u2019affari.<\/p>\n<p>Chi sono nel dettaglio i <strong>soggetti<\/strong> chiamati alla tenuta del registro dei corrispettivi? Ai commercianti al minuto (ossia coloro che effettuano operazioni verso consumatori finali, come negozianti, artigiani o ristoratori), si affiancano gli <strong>esercenti attivit\u00e0 assimilate<\/strong> individuate all\u2019articolo 22 del DPR IVA, ossia:<\/p>\n<ul>\n<li>prestazioni alberghiere e di somministrazione di alimenti e bevande effettuate in pubblici esercizi;<\/li>\n<li>prestazioni di trasporto di persone nonch\u00e9 di veicoli e bagagli al seguito;<\/li>\n<li>prestazioni di servizi rese nell\u2019esercizio di imprese in locali aperti al pubblico, in forma ambulante o nell\u2019abitazione dei clienti;<\/li>\n<li>prestazioni di custodia di titoli e altri servizi resi da aziende o istituti di credito e da societ\u00e0 finanziarie o fiduciarie;<\/li>\n<li>attivit\u00e0 di organizzazione di escursione, visite di citt\u00e0, giri turistici ed eventi simili effettuate da agenzie di viaggi e turismo;<\/li>\n<li>prestazioni di servizi di telecomunicazione, teleradiodiffusione e di servizi elettronici resi a committenti che agiscono al di fuori dell&#8217;esercizio d&#8217;impresa, arte o professione;<\/li>\n<li>le prestazioni di gestione del servizio delle lampade votive nei cimiteri.<\/li>\n<\/ul>\n<p>Questo quindi l\u2019elenco dei titolari di partita IVA tenuti alla registrazione dei corrispettivi, secondo i criteri specifici previsti dal DPR n. 633\/1972.<\/p>\n<h3>Come compilare il registro IVA dei corrispettivi: un esempio<\/h3>\n<p>Dovrai annotare i dati delle operazioni nel registro dei corrispettivi a <strong>cadenza giornaliera<\/strong>, indicando gli importi relativi a:<\/p>\n<ul>\n<li>operazioni imponibili, differenziate sulla base delle diverse aliquote IVA applicate;<\/li>\n<li>operazioni non imponibili;<\/li>\n<li>operazioni esenti IVA;<\/li>\n<li>operazioni assoggettate al regime del margine;<\/li>\n<li>operazioni relative a cessioni di beni e prestazioni di servizi effettuate nei confronti di soggetti passivi IVA di altri Stati UE o extra UE.<\/li>\n<\/ul>\n<p>Dovrai effettuare l\u2019annotazione nel registro dei corrispettivi <strong>entro il giorno festivo non successivo<\/strong> a quello in cui le operazioni sono effettuate.<\/p>\n<p>Nell\u2019importo dovrai calcolare anche i <strong>corrispettivi effettuati con emissione di fattura<\/strong>, nei casi in cui abbia scelto di optare per la fatturazione elettronica in alternativa alla memorizzazione e all\u2019invio telematico dei corrispettivi.<\/p>\n<p>In aggiunta, dovrai calcolare nell\u2019importo le <strong>operazioni relative ad immobili e altri beni strumentali<\/strong>, come ad esempio le operazioni relative ai beni destinati a rimanere diversi anni in azienda (cosiddetti \u201ccespiti\u201d).<\/p>\n<p>Di seguito un esempio di registro IVA dei corrispettivi ottenuto <a href=\"\/software\/easyfatt\/gestionale\/\">software gestionale Danea Eaysfatt.<\/a><\/p>\n<p><img loading=\"lazy\" decoding=\"async\" class=\"alignnone wp-image-27874 size-large\" src=\"https:\/\/www.danea.it\/blog\/wp-content\/uploads\/esempio-registro-iva-corrispettivi-725x1024.jpg\" alt=\"Esempio registro iva corrispettivi\" width=\"640\" height=\"904\" srcset=\"https:\/\/www.danea.it\/blog\/wp-content\/uploads\/esempio-registro-iva-corrispettivi-725x1024.jpg 725w, https:\/\/www.danea.it\/blog\/wp-content\/uploads\/esempio-registro-iva-corrispettivi-212x300.jpg 212w, https:\/\/www.danea.it\/blog\/wp-content\/uploads\/esempio-registro-iva-corrispettivi-768x1085.jpg 768w, https:\/\/www.danea.it\/blog\/wp-content\/uploads\/esempio-registro-iva-corrispettivi-1087x1536.jpg 1087w, https:\/\/www.danea.it\/blog\/wp-content\/uploads\/esempio-registro-iva-corrispettivi.jpg 1242w\" sizes=\"auto, (max-width: 640px) 100vw, 640px\" \/><\/p>\n<blockquote><p><strong>Danea Easyfatt \u00e8 il software gestionale per la gestione della fatturazione e degli adempimenti fiscali e contabili<\/strong>.<br \/>\nCon Easyfatt <strong>stampi il registro dei corrispettivi<\/strong> e ottieni il prospetto della <strong>liquidazione IVA<\/strong>, con i valori che concorrono alla determinazione dell&#8217;importo della liquidazione.<br \/>\nInoltre, produci anche il file <strong>XML<\/strong> per la comunicazione trimestrale delle liquidazioni IVA all\u2019Agenzia delle Entrate.<br \/>\n<a href=\"\/software\/easyfatt\/ef-prova-gratis\/\">Scarica e prova gratis Easyfatt<\/a> &gt;<\/p><\/blockquote>\n<h3>Registro dei corrispettivi e scontrino elettronico<\/h3>\n<p><strong>Gli obblighi di tenuta e conservazione del registro dei corrispettivi<\/strong> sono stati rivisti a partire dal 1\u00b0 gennaio 2020, data di avvio dell\u2019obbligo dello scontrino elettronico.<\/p>\n<p>Cos\u00ec come previsto infatti dall\u2019articolo 2, comma 1 del decreto legislativo n. 127\/2015, l\u2019avvio dell\u2019obbligo di memorizzazione elettronica e trasmissione telematica dei dati dei corrispettivi giornalieri ha sostituito gli obblighi di registrazione previsti dall\u2019articolo 24 del decreto IVA.<\/p>\n<p>Il registro dei corrispettivi <strong>non \u00e8 quindi di fatto un obbligo<\/strong>, essendo stato accorpato e sostituito con l\u2019avvento dell\u2019obbligo di memorizzazione giornaliera e trasmissione telematica, entro i 12 giorni successivi all\u2019operazione, dei dati dei corrispettivi.<\/p>\n<p>Tuttavia, \u00e8 consigliabile annottare ancora le informazioni richieste in un apposito registro dei corrispettivi, sia ai fini dei controlli interni sul fronte della <strong>corretta liquidazione dell\u2019IVA<\/strong> che in caso di <strong>malfunzionamenti del registratore di cassa telematico<\/strong>, lo strumento che consente di comunicare giornalmente con l\u2019Agenzia delle Entrate.<\/p>\n<p>Come di consueto potrai scegliere se avvalersi dei registri analogici o di appositi software gestionali che consentono di inserire le informazioni richieste in pochi e semplici passaggi.<\/p>\n<div class=\"menu-registri-iva-container\"><ol id=\"short_menu_6a08f15449efb\" class=\"shortcode_menu  wpsm-menu wpsm-vertical menu_enhance  ramo_custom_menu\"><li id=\"menu-item-8292\" class=\"menu-item menu-item-type-custom menu-item-object-custom menu-item-8292\"><div class=\"custom_menu_index\">1<\/div><a href=\"\/blog\/registri-iva\/\">Registri IVA: istituzione, modalit\u00e0 di tenuta e conservazione<\/a><\/li>\n<li id=\"menu-item-8327\" class=\"menu-item menu-item-type-custom menu-item-object-custom menu-item-8327\"><div class=\"custom_menu_index\">2<\/div><a href=\"\/blog\/registro-fatture-emesse\/\">Registro fatture emesse<\/a><\/li>\n<li id=\"menu-item-8326\" class=\"menu-item menu-item-type-custom menu-item-object-custom menu-item-8326\"><div class=\"custom_menu_index\">3<\/div><a href=\"\/blog\/registro-iva-acquisti\/\">Registro IVA acquisti<\/a><\/li>\n<li id=\"menu-item-8291\" class=\"menu-item menu-item-type-custom menu-item-object-custom menu-item-8291\"><div class=\"custom_menu_index\">4<\/div><a href=\"\/blog\/registro-dei-corrispettivi\/\">Registro corrispettivi<\/a><\/li>\n<\/ol><\/div><div class=\"clear\"><\/div>\n\t\t\t<style>\n\t\t\t\t#short_menu_6a08f15449efb {  }\n\t\t\t\t#short_menu_6a08f15449efb ul.wpsm-arrow-enabled:before {  } \n\t\t\t\t#short_menu_6a08f15449efb ul, #short_menu_6a08f15449efb ul ul {  }\n\t\t\t\t#short_menu_6a08f15449efb a {  }\n\t\t\t\t#short_menu_6a08f15449efb a:hover {  }\n\t\t\t\t#short_menu_6a08f15449efb ul a {  }\n\t\t\t\t#short_menu_6a08f15449efb ul a:hover {  }\n\t\t\t\t\n\t\t\t<\/style>\n\t\t\t<script type=\"text\/javascript\">\n\t\t\t\tvar show_arrow = \"true\";<\/script>\n<div class=\"post-tags2\"><\/div>\n","protected":false},"excerpt":{"rendered":"<p>Il registro dei corrispettivi \u00e8 uno dei documenti che chi esercita attivit\u00e0 commerciali e assimilate \u00e8 tenuto a predisporre e compilare, anche ai fini della corretta detrazione dell\u2019IVA. Sebbene l\u2019introduzione dello scontrino elettronico, ossia la memorizzazione e trasmissione telematica dei dati dei corrispettivi giornalieri, abbia di fatto sostituito l\u2019obbligo di tenuta del registro dei corrispettivi,<\/p>\n","protected":false},"author":31,"featured_media":8297,"parent":0,"menu_order":0,"comment_status":"closed","ping_status":"closed","template":"page-templates\/guide-danea-page.php","meta":{"yasr_overall_rating":0,"yasr_post_is_review":"","yasr_auto_insert_disabled":"","yasr_review_type":"","footnotes":""},"class_list":["post-8343","page","type-page","status-publish","has-post-thumbnail","hentry"],"yasr_visitor_votes":{"stars_attributes":{"read_only":false,"span_bottom":false},"number_of_votes":78,"sum_votes":315},"wps_subtitle":"I commercianti ed esercenti attivit\u00e0 assimilate che non sono obbligati all\u2019emissione della fattura, devono compilare il registro dei corrispettivi. Ecco tutte le regole da conoscere.","_links":{"self":[{"href":"https:\/\/www.danea.it\/blog\/wp-json\/wp\/v2\/pages\/8343","targetHints":{"allow":["GET"]}}],"collection":[{"href":"https:\/\/www.danea.it\/blog\/wp-json\/wp\/v2\/pages"}],"about":[{"href":"https:\/\/www.danea.it\/blog\/wp-json\/wp\/v2\/types\/page"}],"author":[{"embeddable":true,"href":"https:\/\/www.danea.it\/blog\/wp-json\/wp\/v2\/users\/31"}],"replies":[{"embeddable":true,"href":"https:\/\/www.danea.it\/blog\/wp-json\/wp\/v2\/comments?post=8343"}],"version-history":[{"count":12,"href":"https:\/\/www.danea.it\/blog\/wp-json\/wp\/v2\/pages\/8343\/revisions"}],"predecessor-version":[{"id":27877,"href":"https:\/\/www.danea.it\/blog\/wp-json\/wp\/v2\/pages\/8343\/revisions\/27877"}],"wp:featuredmedia":[{"embeddable":true,"href":"https:\/\/www.danea.it\/blog\/wp-json\/wp\/v2\/media\/8297"}],"wp:attachment":[{"href":"https:\/\/www.danea.it\/blog\/wp-json\/wp\/v2\/media?parent=8343"}],"curies":[{"name":"wp","href":"https:\/\/api.w.org\/{rel}","templated":true}]}}